2435.
5
What is the greatest common divisor of 32079 and 11951?
629
What is the greatest common divisor of 128880 and 65?
5
What is the highest common divisor of 780 and 195240?
60
What is the highest common factor of 1004 and 4493402?
502
Calculate the greatest common divisor of 476 and 2295.
17
Calculate the highest common divisor of 774 and 8428.
86
Calculate the highest common factor of 23247 and 504.
63
What is the greatest common divisor of 1824 and 50768?
304
Calculate the highest common divisor of 12110 and 3794.
14
What is the highest common divisor of 11500 and 5000?
500
Calculate the highest common divisor of 952 and 2513.
7
Calculate the greatest common divisor of 1219680 and 57960.
2520
Calculate the highest common divisor of 8390 and 15.
5
What is the highest common factor of 1089984 and 70?
14
What is the greatest common factor of 2439303 and 1707?
1707
What is the highest common divisor of 2652 and 146472?
204
Calculate the highest common divisor of 645509 and 1185.
79
What is the greatest common divisor of 86 and 1370969?
43
Calculate the greatest common factor of 2738 and 3811.
37
Calculate the highest common divisor of 5493 and 120.
3
Calculate the greatest common factor of 530619 and 996.
249
What is the greatest common divisor of 1179 and 363001?
131
What is the greatest common factor of 4836 and 3?
3
Calculate the highest common divisor of 99 and 3881295.
99
Calculate the greatest common factor of 588 and 1064.
28
What is the highest common factor of 581 and 1771?
7
What is the greatest common divisor of 88 and 1892?
44
Calculate the greatest common factor of 28 and 706454.
14
What is the highest common factor of 10080 and 147?
21
What is the greatest common divisor of 216 and 265576?
8
Calculate the highest common divisor of 79569 and 42.
21
What is the greatest common factor of 32457 and 31?
31
What is the greatest common factor of 847 and 616?
77
Calculate the greatest common divisor of 26 and 1095081.
13
What is the greatest common factor of 36 and 412?
4
Calculate the highest common factor of 4139 and 191.
1
What is the highest common factor of 24 and 9717?
3
Calculate the greatest common factor of 59484 and 24.
12
Calculate the highest common factor of 4108 and 104.
52
Calculate the greatest common factor of 47 and 364.
1
Calculate the greatest common divisor of 10262 and 343.
7
Calculate the greatest common divisor of 920 and 1526510.
230
What is the greatest common factor of 90930 and 2814?
42
Calculate the highest common divisor of 62094 and 948.
474
Calculate the greatest common factor of 158880 and 55.
5
What is the highest common factor of 190395 and 135?
45
Calculate the highest common divisor of 74867 and 117.
13
Calculate the greatest common divisor of 159952 and 769.
769
Calculate the highest common factor of 57 and 35074.
19
Calculate the highest common factor of 44 and 6679574.
22
Calculate the highest common factor of 739845 and 75.
15
Calculate the greatest common factor of 231 and 58058.
77
Calculate the highest common factor of 418983 and 3.
3
Calculate the highest common divisor of 2037 and 4221.
21
What is the highest common divisor of 17940 and 1748460?
1380
What is the greatest common divisor of 127964 and 8?
4
What is the greatest common divisor of 580 and 8102890?
290
What is the greatest common factor of 5084 and 2108?
124
Calculate the highest common divisor of 332 and 5.
1
What is the highest common divisor of 2 and 858656?
2
Calculate the greatest common factor of 678 and 684.
6
What is the highest common divisor of 27990 and 2250?
90
What is the greatest common factor of 1178 and 61442?
62
Calculate the highest common divisor of 798385 and 56.
7
What is the greatest common factor of 948 and 6162?
474
Calculate the highest common factor of 3976792 and 184.
184
Calculate the greatest common factor of 2 and 4453.
1
What is the greatest common factor of 19493 and 18281?
101
What is the greatest common divisor of 755265 and 140?
35
What is the highest common factor of 24 and 892506?
6
Calculate the greatest common divisor of 148 and 1484.
4
Calculate the highest common divisor of 18373 and 71558.
967
Calculate the highest common factor of 26 and 17198.
2
Calculate the greatest common divisor of 72 and 322632.
72
What is the highest common divisor of 49 and 27881?
49
What is the highest common factor of 348806 and 17?
17
What is the highest common factor of 44 and 189607?
11
Calculate the greatest common factor of 10165 and 941065.
535
What is the greatest common divisor of 2225 and 11303?
89
Calculate the highest common factor of 4336808 and 14.
14
Calculate the highest common divisor of 33 and 1837.
11
Calculate the greatest common divisor of 21610 and 1390.
10
Calculate the highest common factor of 90 and 162522.
18
What is the highest common factor of 219 and 4538775?
219
What is the highest common divisor of 500 and 2407500?
500
Calculate the highest common divisor of 31835 and 1315.
5
Calculate the highest common factor of 1262810 and 222.
74
Calculate the greatest common divisor of 83765 and 495.
55
Calculate the greatest common factor of 10 and 867750.
10
Calculate the greatest common factor of 413 and 20001.
59
What is the greatest common divisor of 1781 and 104?
13
Calculate the greatest common divisor of 553 and 50007.
79
What is the highest common divisor of 56 and 308700?
28
What is the greatest common divisor of 277 and 1735405?
277
What is the greatest common factor of 206292 and 12?
12
Calculate the highest common factor of 2068 and 1804.
44
What is the greatest common divisor of 1362285 and 15?
15
What is the greatest common factor of 7120 and 4?
4
What is the greatest common factor of 326 and 89813?
163
Calculate the greatest common divisor of 27152 and 272.
16
Calculate the highest common factor of 70094 and 8.
2
Calculate the highest common factor of 987 and 23030.
329
Calculate the highest common factor of 2660 and 861308.
532
Calculate the greatest common factor of 161 and 13860.
7
Calculate the greatest common divisor of 128292 and 12.
12
Calculate the highest common factor of 5743 and 2.
1
What is the highest common divisor of 375 and 15069?
3
What is the highest common factor of 10 and 2631490?
10
What is the greatest common factor of 9216 and 44640?
288
Calculate the highest common divisor of 33026 and 28.
14
What is the highest common divisor of 24963 and 203943?
471
Calculate the greatest common factor of 264 and 10131.
33
What is the highest common divisor of 20 and 111260?
20
Calculate the highest common divisor of 4779 and 270279.
531
Calculate the greatest common divisor of 752 and 408712.
376
Calculate the highest common factor of 4575843 and 9.
9
What is the greatest common factor of 725604 and 46?
46
What is the greatest common divisor of 31860 and 145?
5
Calculate the highest common divisor of 31150 and 5250.
350
What is the greatest common factor of 3143880 and 1065?
1065
Calculate the highest common divisor of 8690 and 349180.
790
Calculate the highest common divisor of 2428 and 83159.
607
Calculate the highest common divisor of 50044 and 56.
4
What is the highest common divisor of 11556 and 756?
108
What is the highest common factor of 71592 and 120?
24
What is the highest common divisor of 704 and 21560?
88
What is the greatest common factor of 18728955 and 945?
945
Calculate the highest common divisor of 43855 and 140.
35
What is the highest common factor of 435252 and 2075?
83
What is the highest common factor of 201 and 108004?
67
Calculate the highest common factor of 18174 and 78.
78
What is the highest common divisor of 57266 and 2242?
38
What is the highest common factor of 1844113 and 278?
139
What is the highest common factor of 238 and 984487?
119
Calculate the greatest common factor of 207 and 173006.
23
Calculate the greatest common divisor of 8 and 34876.
4
Calculate the greatest common divisor of 108 and 92529.
27
What is the highest common factor of 25705 and 24910?
265
What is the highest common factor of 26608 and 8912?
16
What is the highest common factor of 6 and 22816?
2
Calculate the greatest common divisor of 1441815 and 285.
285
Calculate the highest common factor of 14606370 and 90.
90
Calculate the highest common divisor of 99